it of 339405365?
0
What is the hundred thousands digit of 59879488?
8
What is the millions digit of 181362853?
1
What is the thousands digit of 28838606?
8
What is the thousands digit of 1023384036?
4
What is the hundred millions digit of 458329441?
4
What is the ten thousands digit of 241960648?
6
What is the millions digit of 555858531?
5
What is the ten thousands digit of 25754058?
5
What is the ten thousands digit of 118597192?
9
What is the hundred thousands digit of 38468637?
4
What is the hundred millions digit of 1811731698?
8
What is the millions digit of 425051064?
5
What is the thousands digit of 190981445?
1
What is the hundred millions digit of 126532113?
1
What is the hundred millions digit of 382430731?
3
What is the tens digit of 140497569?
6
What is the ten millions digit of 330316054?
3
What is the thousands digit of 4314267433?
7
What is the units digit of 130195184?
4
What is the hundred thousands digit of 3582247612?
2
What is the hundreds digit of 114913890?
8
What is the hundreds digit of 390965798?
7
What is the hundred millions digit of 712378545?
7
What is the hundreds digit of 36584352?
3
What is the billions digit of 2151496702?
2
What is the tens digit of 75096227?
2
What is the units digit of 3500367195?
5
What is the ten thousands digit of 115503440?
0
What is the thousands digit of 109492211?
2
What is the hundred thousands digit of 215877087?
8
What is the tens digit of 407208874?
7
What is the millions digit of 11602477?
1
What is the hundred thousands digit of 2337450562?
4
What is the ten millions digit of 551669669?
5
What is the ten millions digit of 86187942?
8
What is the hundreds digit of 242528120?
1
What is the units digit of 1562503642?
2
What is the millions digit of 249755594?
9
What is the ten thousands digit of 145465966?
6
What is the tens digit of 1892072391?
9
What is the hundred thousands digit of 101969411?
9
What is the hundreds digit of 37206712?
7
What is the hundred thousands digit of 70329357?
3
What is the units digit of 199969357?
7
What is the ten thousands digit of 344019361?
1
What is the hundreds digit of 1513670999?
9
What is the billions digit of 1280138397?
1
What is the units digit of 13183536?
6
What is the ten millions digit of 58228052?
5
What is the ten millions digit of 969778650?
6
What is the ten millions digit of 505068827?
0
What is the tens digit of 1233096324?
2
What is the millions digit of 355560387?
5
What is the tens digit of 95658406?
0
What is the ten millions digit of 26885851?
2
What is the hundreds digit of 175402575?
5
What is the ten millions digit of 157648771?
5
What is the hundred thousands digit of 5253820153?
8
What is the hundreds digit of 31052570?
5
What is the hundred thousands digit of 2255513291?
5
What is the hundreds digit of 2287185594?
5
What is the ten millions digit of 36567798?
3
What is the billions digit of 1323554763?
1
What is the hundreds digit of 552054614?
6
What is the units digit of 17001025?
5
What is the hundred millions digit of 153708718?
1
What is the thousands digit of 845199384?
9
What is the millions digit of 34856501?
4
What is the thousands digit of 10713646?
3
What is the hundred millions digit of 153907200?
1
What is the tens digit of 1000174397?
9
What is the ten thousands digit of 43938832?
3
What is the millions digit of 146395874?
6
What is the hundreds digit of 371509090?
0
What is the ten millions digit of 895456268?
9
What is the millions digit of 11372151?
1
What is the ten millions digit of 63916934?
6
What is the millions digit of 252732575?
2
What is the tens digit of 2692439056?
5
What is the thousands digit of 10941958?
1
What is the millions digit of 30466854?
0
What is the millions digit of 215252528?
5
What is the tens digit of 180580990?
9
What is the hundred millions digit of 249025621?
2
What is the tens digit of 6546812?
1
What is the millions digit of 23972138?
3
What is the ten thousands digit of 670928778?
2
What is the hundred thousands digit of 155718139?
7
What is the units digit of 103776364?
4
What is the hundred thousands digit of 20094194?
0
What is the hundreds digit of 566198046?
0
What is the ten thousands digit of 1471312228?
1
What is the ten thousands digit of 1403599286?
9
What is the ten thousands digit of 134214883?
1
What is the units digit of 7231604894?
4
What is the thousands digit of 338356410?
6
What is the millions digit of 56426273?
6
What is the hundred thousands digit of 822344958?
3
What is the units digit of 1319994008?
8
What is the millions digit of 54865574?
4
What is the hundred millions digit of 444555670?
4
What is the ten millions digit of 1602378745?
0
What is the units digit of 167904519?
9
What is the tens digit of 1896528169?
6
What is the millions digit of 121536503?
1
What is the units digit of 87560822?
2
What is the ten thousands digit of 1399403466?
0
What is the ten millions digit of 6586255041?
8
What is the hundred thousands digit of 4994303915?
3
What is the ten millions digit of 648592310?
4
What is the units digit of 247672509?
9
What is the tens digit of 684793380?
8
What is the ten thousands digit of 137235979?
3
What is the hundreds digit of 69867497?
4
What is the hundred millions digit of 386888507?
3
What is the tens digit of 2577040035?
3
What is the hundred millions digit of 105054982?
1
What is the units digit of 89621495?
5
What is the ten millions digit of 207879771?
0
What is the hundreds digit of 378337255?
2
What is the hundred thousands digit of 474705550?
7
What is the ten thousands digit of 1876973660?
7
What is the thousands digit of 64954529?
4
What is the tens digit of 59705278?
7
What is the units digit of 644196451?
1
What is the hundreds digit of 426117498?
4
What is the units digit of 546945421?
1
What is the millions digit of 2980538647?
0
What is the ten millions digit of 120841416?
2
What is the hundred millions digit of 154281603?
1
What is the thousands digit of 304346512?
6
What is the ten millions digit of 1285825206?
8
What is the millions digit of 24754476?
4
What is the hundred thousands digit of 260903313?
9
What is the thousands digit of 911352122?
2
What is the hundred thousands digit of 265689977?
6
What is the millions digit of 20095289?
0
What is the units digit of 22886097?
7
What is the millions digit of 2500851161?
0
What is the units digit of 33083379?
9
What is the ten thousands digit of 629665169?
6
What is the hundreds digit of 519948499?
4
What is the hundreds digit of 6571374?
3
What is the units digit of 1837033926?
6
What is the billions digit of 1068176876?
1
What is the millions digit of 65207249?
5
What is the ten millions digit of 6268392505?
6
What is the thousands digit of 75270159?
0
What is the thousands digit of 48934375?
4
What is the thousands digit of 54794667?
4
What is the thousands digit of 244310482?
0
What is the hundred millions digit of 118943234?
1
What is the thousands digit of 57002666?
2
What is the ten thousands digit of 1799708921?
0
What is the hundreds digit of 784819905?
9
What is the hundred thousands digit of 3331750?
3
What is the hundred thousands digit of 1398227531?
2
What is the hundreds digit of 644663170?
1
What is the hundreds digit of 502117523?
5
What is the ten thousands digit of 872576827?
7
What is the hundred millions digit of 1951815398?
9
What is the units digit of 511254856?
6
What is the tens digit of 205222324?
2
What is the thousands digit of 40344746?
4
What is the ten millions digit of 33357951?
3
What is the ten thousands digit of 1485993011?
9
What is the hundreds digit of 324235509?
5
What is the ten thousands digit of 5462678687?
7
What is the thousands digit of 1806550248?
0
What is the millions digit of 19104808?
9
What is the hundreds digit of 1070203333?
3
What is the ten thousands digit of 35959101?
5
What is the millions digit of 1185361523?
5
What is the tens digit of 125396098?
9
What is the millions digit of 4908866625?
8
What is the thousands digit of 541457029?
7
What is the ten millions digit of 22418810?
2
What is the hundreds digit of 1075273450?
4
What is the hundred millions digit of 204618406?
2
What is the hundred thousands digit of 556196816?
1
What is the millions digit of 57441250?
7
What is the tens digit of 11999